are the prime factors of o?
3, 83
Let c(j) = 178*j**2 - 89*j - 725. List the prime factors of c(-8).
3, 3793
Let o(w) = 15*w + 34*w - 15*w + 84 + 6*w + 44*w. List the prime factors of o(11).
2, 3, 7
Suppose 32*x = -124*x + 7574736. List the prime factors of x.
2, 61, 199
Let c = 18 - 48. Let k = -27 - c. Suppose o = 5*t - 180, -k*t + 134 - 26 = 4*o. List the prime factors of t.
2, 3
Let z = -456 - -976. List the prime factors of z.
2, 5, 13
Let z(l) be the third derivative of -l**6/15 + l**5/15 + 11*l**4/8 + 5*l**3/6 - 37*l**2 - 3*l. What are the prime factors of z(-4)?
449
Suppose 17*g = 19*g - 5*h - 48933, 0 = g - 3*h - 24465. What are the prime factors of g?
2, 3, 4079
Suppose 2*f = 333*h - 334*h + 51546, -4*f = -5*h - 103078. What are the prime factors of f?
2, 17, 379
Let q be (-7 - -118)*(-4)/3. Let v = q - -127. Let s(o) = o**3 + 21*o**2 + 12. What are the prime factors of s(v)?
2, 3
Let m(r) = r**2 - 8*r + 23. Let u be m(5). Let s(a) = 12 - 4*a + 3*a - u - a**3 - a**2 + 12. List the prime factors of s(0).
2
Suppose -14*u + 15*u = -2*p + 12803, 0 = 5*p + u - 32012. List the prime factors of p.
19, 337
Suppose 5*m = 2*m - q + 25, -40 = -4*m + 2*q. What are the prime factors of (324/(-45))/(m/(-30))?
2, 3
Let c(f) be the third derivative of -101*f**4/3 - 4*f**3 + 87*f**2. List the prime factors of c(-1).
2, 7
Let i(r) = r**3 + 32*r**2 - 22*r + 64. Suppose 5*k - 19 = z + 7, -k = 1. What are the prime factors of i(z)?
3, 569
Let b = -1249 - -1486. What are the prime factors of b?
3, 79
Let o(f) = 547*f**2 - 42*f - 82. Let h be o(-2). Let c = h - 1071. List the prime factors of c.
3, 373
Let t(k) be the third derivative of -k**6/120 + k**5/6 - k**4/24 + 7*k**3/3 - 11*k**2. Let l be t(10). Suppose c - l*c = -9. List the prime factors of c.
3
Let s(f) = 11*f**2 + 2*f + 6. Suppose 4*t = -2*j - 10 - 8, -t + 8 = 3*j. Let q be (-9)/(-18) - t/(-2). List the prime factors of s(q).
3, 11
Suppose 4*f = -5*n + 418 + 365, 0 = -n + 5*f + 145. Let k(r) = -r**3 + 2*r**2 + 7*r - 5. Let j be k(5). Let i = j + n. List the prime factors of i.
2, 5, 11
Let l be 15/(-90) + (-21)/(-18). What are the prime factors of 50 - (-4 - (-8)/l)?
2, 23
Suppose -13*o + 75*o - 218116 = 0. What are the prime factors of o?
2, 1759
Suppose f = 21*f. Suppose -5*d + 177 + 618 = f. What are the prime factors of d?
3, 53
List the prime factors of 12 + 332/(-28) - ((-3033054)/(-42))/(-3).
2, 3, 17, 59
Suppose -18*j + 980 = -23*j. List the prime factors of (6240/28)/((-42)/j).
2, 5, 13
Let o be (-2)/((25/15)/(-5)). Let x(w) = 15 - o*w + 31 + 7*w. What are the prime factors of x(-19)?
3
List the prime factors of (317 + (-2 - (-3 - 0)))/1.
2, 3, 53
What are the prime factors of ((-595)/34 - -19)*(-114928)/(-6)?
2, 11, 653
Let s(k) = -3*k - 21. Let p be s(13). Let y = 48 + p. Let f(h) = -h**2 - 15*h - 13. List the prime factors of f(y).
23
Let z = 3 + 4. Suppose -3*t + 33 = 4*r, -5*r - 3*t + 38 = -1. Suppose z*i - 9 = r*i. What are the prime factors of i?
3
Suppose 2*w - 8 = -2*w - 4*v, -4*w - v + 8 = 0. What are the prime factors of -4 + (30/4 - w)*278?
5, 61
Suppose i = 24 - 18. Suppose 12 = i*f - 0*f. Suppose f*y - 510 = -3*y. What are the prime factors of y?
2, 3, 17
Let h be (-15)/60*(-22 + 0 + 2). Suppose 4*t + h*i + 1039 = 5*t, -4*i - 1041 = -t. What are the prime factors of t?
1049
Suppose 33*l - 156210 - 286287 = 0. List the prime factors of l.
11, 23, 53
Let l = -39 + 59. Let w = 25 - l. Suppose w - 117 = -8*g. What are the prime factors of g?
2, 7
Let o(y) = -374*y + 10. What are the prime factors of o(-9)?
2, 211
Let y(i) be the third derivative of -5*i**6/24 + i**5/60 + 13*i**2. Let l be y(1). List the prime factors of (38/8)/((-3)/l).
2, 19
Let r(a) = 6*a**3 - 12*a**2 + 26*a - 4. Let t(p) = p**3 + p**2 - p - 1. Let s(y) = -r(y) + 5*t(y). List the prime factors of s(10).
389
Suppose 0 = 5*h + 2*l + 46, 0 = -h - 5*l + 3*l - 6. List the prime factors of (3 - (-16)/h)/(8/280).
7
Let y(a) = 135*a**2 + 23*a - 94. Let p be y(5). Suppose 178*j - 180*j = -p. What are the prime factors of j?
2, 3, 283
Let w(f) = -5*f + 3. Let i be w(-5). Let m be 15/35 - 348/i. List the prime factors of 3/m - -1*1131/12.
2, 47
Let p(b) = 1099*b + 31. Let f(s) = -366*s - 11. Let z(h) = -7*f(h) - 2*p(h). List the prime factors of z(1).
379
What are the prime factors of -7 - 87/(-9) - (-1578180)/36?
7, 6263
Let s(m) = 991*m**3 + 4*m - 3. Let d be s(1). Let f = d + -583. List the prime factors of f.
409
Let k = 6806 + -3672. What are the prime factors of k?
2, 1567
Let h(a) be the third derivative of 68*a**5/15 + a**4/3 + 8*a**3/3 + 74*a**2. What are the prime factors of h(-2)?
2, 17
Let a(w) = 8*w**2 + 15*w - 1. Let s be a(2). Suppose -102 = 55*d - s*d. What are the prime factors of d?
17
Let k = -3003 + 967. List the prime factors of (7/28*-1)/(1/k).
509
Let z(q) = 21*q - 133. Let d(r) = -r**3 + 7*r**2 + 9*r + 6. Let v be d(8). List the prime factors of z(v).
7, 23
Let i(t) = -t**2 - 29 - t**2 + 21*t - 3*t + 4*t**2. What are the prime factors of i(-15)?
151
Suppose 25*c = 71776 + 35824. List the prime factors of c.
2, 269
Let m be (-22503)/(-169) + (-10)/65. Suppose 0*s - 7*s + m = 0. List the prime factors of s.
19
Let n(c) = c**3 - 7*c**2 + 7*c. Let s be n(6). Let k be (-2)/(-4) + (1 - 9/s). Suppose -3*f = v - 2*f - 28, k = 3*v - 2*f - 89. What are the prime factors of v?
29
Suppose -3*w + 0*w + 306 = 0. Let u be w/3 + 4 + -2 + 0. Suppose 5*p - u = 54. List the prime factors of p.
2, 3
Let q(j) = j**3 + 17*j**2 - 29*j + 77. What are the prime factors of q(-11)?
2, 3, 11, 17
Let t = -220 - -225. Suppose t*u - 873 = -2*d, 3*d = -0*u + 3*u + 1278. What are the prime factors of d?
3, 11, 13
Suppose -859 = -2*l - 5*p + 4*p, 0 = -5*l - p + 2149. Suppose 0 = 5*u - 3*g - l, 0*u - 5*g - 430 = -5*u. What are the prime factors of u?
2, 43
Let t be 41*180/(-8)*32/(-20). What are the prime factors of t*4/64*8?
2, 3, 41
Suppose 2164*k + 1955730 = 2269*k. What are the prime factors of k?
2, 67, 139
Let r be 112/20*(-10)/(-4). Suppose -6*s = -r*s + 896. What are the prime factors of s?
2, 7
Suppose 0 = -n - 2*d + 26 + 53, 3*n = -2*d + 221. Let y = n - 71. List the prime factors of (-9)/(-60)*-5*(y - 8).
2, 3
Let i(b) = 4*b**2 + 48*b - 113. List the prime factors of i(-58).
10559
Let h = 92 - 46. Let q(j) = -7*j + 81. Let k be q(11). Suppose -k*o = -i - 0*o + 18, 5*i + 2*o - h = 0. What are the prime factors of i?
2, 5
Let i(g) = -g**2 - 19*g - 36. Let w be i(-11). Suppose 51*k = w*k - 40. What are the prime factors of k?
2, 5
Suppose 0 = -0*g - 4*g + 896. Suppose 0*u = 14*u - g. List the prime factors of u.
2
Let z(x) = -4*x - 1 + 37 + 8*x - 2*x + 22*x**2 + 3*x. What are the prime factors of z(-4)?
2, 23
Let y be 6/(-3*1/(-2)). Suppose 18*d - y = 17*d. Let f(m) = 11*m + 2. What are the prime factors of f(d)?
2, 23
Suppose 185*v + 25 = 180*v. What are the prime factors of 2 + -9 - 3275/v?
2, 3
Suppose 70038 + 86109 = 9*y - 5124. What are the prime factors of y?
3, 11, 181
Suppose 432*m + 163*m = 15835708 + 1958362. What are the prime factors of m?
2, 19, 787
Suppose 10*d + 16 = -14. Let g(w) = 37*w**2 + 2*w - 5. Let q be g(d). Suppose q = 8*j - 4*j + a, -4*j + 330 = 5*a. List the prime factors of j.
2, 5
Let o(l) = -2*l - 2. Suppose 3*m + 0*h = -h - 29, -3*m + 3*h - 21 = 0. Let g be o(m). List the prime factors of -1 - ((-396)/g)/(9/48).
131
Let n = 111 - 94. Suppose a - n = y + 28, a = -5*y - 195. Let h = y + 277. What are the prime factors of h?
3, 79
What are the prime factors of 46884 - (38/95 + 9/((-225)/110))?
2, 5861
Let a = 721 - 1369. Let t = -295 - a. What are the prime factors of t?
353
Let l(v) = 3*v**2 - 5*v + 9. Let o be (-4)/(-10) - (-756)/35. Suppose -28*t - 36 = -o*t. What are the prime factors of l(t)?
3, 7
Suppose 0 = 141*o - 3295155 + 472899. What are the prime factors of o?
2, 3, 139
Suppose -8*z - 748 = -25*z. What are the prime factors of (3 + z/(-12))*-669?
2, 223
Let a(d) = -57*d - 16. Let g be a(-5). Let y = 191 - g. Let t = y - -271. List the prime factors of t.
193
Suppose -103477 = -22*v - 28545. What are the prime factors of v?
2, 13, 131
Let u(v) = v**2 - 4*v - 5. Let h be u(4). Let q(n) = n**3 + 10*n**2 + 2*n - 27. List the prime factors of q(h).
2, 11
Let p(w) = w**2 - 156*w + 15